 = -6*z. Suppose -4*p - 4*y + 1308 = 0, z*y = -5*p + 5*y + 1647. Is p a composite number?
False
Let y = 11428 - 1211. Is y prime?
False
Suppose -2*u = i - 357419, -3*i + 5*u + 1565517 - 493249 = 0. Is i prime?
True
Is 212456*(-60)/(-192)*4/((-2)/(-1)) a prime number?
False
Suppose -19936 = 10*j - 3286. Let o = j + 2924. Is o a prime number?
True
Is (4 + -7 - -306434) + (-6)/1 - 6 composite?
False
Suppose 0 = 2227*v - 2285*v + 20533414 + 60678940. Is v a prime number?
False
Suppose p = -f + 18, -2*p + 3*f + f = -48. Suppose 6*o - 2*o - 2*w = 16206, 4*w + p = 0. Is o a composite number?
False
Suppose i - 951 = -u - u, -2813 = -3*i + 4*u. Suppose 4*j - 4*r + 1556 = 0, -8*r + 4*r - 1954 = 5*j. Let d = j + i. Is d a composite number?
True
Let z be 3 - 5 - 45472/7. Let b = 28261 - z. Is b a prime number?
True
Let j(p) = -2193*p + 155. Let h be j(8). Let v = h - -31038. Is v composite?
False
Let v(s) be the second derivative of 82*s**4 - 2*s**3/3 + 29*s**2/2 + 231*s. Is v(4) a prime number?
False
Suppose p + 2*m - 12 = 0, -2*p + 10 + 0 = -3*m. Suppose p*r - 1267 = 1909. Is (r/(-4))/(1 + 10/(-8)) prime?
True
Suppose -1 = -5*b + 24. Suppose b = 28*q - 23*q, -5*c - 4*q = -4539. Is c composite?
False
Let b = -19 + 67. Is 8/(b/16422) + 4 a composite number?
False
Suppose 38460 = -96*q + 92*q. Let b = -3550 - q. Is b a prime number?
False
Let h(u) = 5*u - 12. Let c be h(3). Let t(x) = 4*x - 16*x + 5 + 10*x - 2*x**2 - 2*x**2 + 8*x**c. Is t(4) a composite number?
True
Let j(p) be the second derivative of 0 - 4*p + 5/2*p**2 + 1/6*p**3 + 31/12*p**4. Is j(-2) composite?
False
Let c(f) = -458*f**2 + 10*f - 37. Let k be c(4). Is (148/(-20))/(5/k) prime?
False
Let s = 19268 + 24041. Let c = s + -29948. Is c prime?
False
Let v(h) = -153*h - 56. Is v(-47) composite?
True
Suppose 0 = 1011*w - 1047*w + 28251108. Is w a composite number?
False
Let n = 110507 + 22214. Is n a composite number?
False
Suppose 312 = -5*u + 327. Suppose -u*g = 3*h - 95820, -11*g + 7*g + 127795 = -3*h. Is g composite?
True
Suppose 20 = 14*w - 9*w. Suppose 3524 = -3*j + 6*j + 4*u, 5*j + w*u = 5868. Suppose j + 1265 = p. Is p prime?
True
Let k = 388 + -377. Suppose k*s - 44707 = -8*s. Is s composite?
True
Let d be 6/2 - 2/(10/(-5)). Suppose 0 = d*v + 8, 2*v + 8 = 3*w - 2*v. Suppose g - 293 = -w*g. Is g prime?
True
Let j(x) = -1881*x - 13. Let b be j(-3). Suppose 11*t = 16*t - b. Suppose 102 = 4*c - t. Is c composite?
False
Let p(t) = -t**2 + 39*t + 101. Let b be p(41). Suppose 21*f = b*f + 9814. Is f a composite number?
True
Let y = -32 - -316. Let i = 10 - 17. Let n = y + i. Is n prime?
True
Let z = 311550 - -15167. Is z prime?
False
Let b(c) = 50*c + 59. Let z be (-552)/16*(-4)/3. Suppose 4*u + 5*p - 100 = p, 2*u - 2*p - z = 0. Is b(u) prime?
True
Suppose 33 + 15 = 12*s. Suppose s*u = -22 + 18. Is 4090/10 - (2 + (-3 - u)) a prime number?
True
Let t(i) = i**3 - i**2 - 2*i + 3. Let w be t(0). Suppose k - 11252 = -w*k. Is k composite?
True
Let l be 2/11 - 679696/(-88). Suppose 1786 = 5*q - l. Suppose 3*h - 1077 = q. Is h a composite number?
True
Suppose 2*d + 3970 = -2*g, -7*g - 2*d = -8*g - 2000. Let b = -1407 - g. Is b prime?
False
Let g(w) be the first derivative of -11*w**4/4 + 3*w**3 + 5*w**2/2 - 22*w - 132. Is g(-11) prime?
False
Let v(y) be the second derivative of 25*y**4/4 + 7*y**3/6 + 13*y**2 + 198*y + 1. Is v(-9) a prime number?
False
Suppose 45 - 9 = 3*t. Is 23934/9*(-4)/((-32)/t) prime?
True
Let z(b) = 2840*b + 6. Let k(v) = 3*v**2 + 22*v + 25. Let t be k(-6). Is z(t) composite?
True
Suppose -132951 = -5*h - 2*g + 67790, -4*h - g + 160597 = 0. Is h composite?
False
Suppose -5*y - 27731 = 7*v - 4*v, 0 = -4*v + 5*y - 36963. Is (v/(-4))/(12/24) composite?
False
Suppose 0 = -6*x - 356 + 320. Is 92335/10 + ((-21)/x - 2) a prime number?
False
Let g(j) = 3923*j**2 + 54*j - 136. Is g(3) a composite number?
True
Is (0 - -108001) + (-5)/(9/(198/55)) prime?
True
Suppose -5*c = 3*q - 31, 0 = -2*q + 1 + 3. Suppose -3*m + 22820 = -2*j + 7*j, -4542 = -j - c*m. Is j composite?
False
Let z(p) = 38*p - 7. Let f(d) = 5*d**3 - 2*d**2 + d + 1. Let j be f(1). Is z(j) a composite number?
True
Suppose 4*u + 105 = -u. Let z be (u/(-18) - 2/3)*-30. Is 2962*(2 + z/10) prime?
True
Suppose -u + 3481 = y - 0*u, 1 = -u. Suppose -y = -41*c + 39*c. Is c a prime number?
True
Suppose -4*v = -a - 2*a, -2*a + 17 = 3*v. Suppose v*l + 11 = 8. Let s(y) = -215*y**3. Is s(l) a composite number?
True
Let h(j) = -421*j - 16. Let s be h(-4). Suppose -2*i = 4*b - s, 3*i - b = 2073 + 443. Is i prime?
False
Suppose a + c = 36, -4*c - 60 = -a + c. Let z = a + -38. Suppose 0 = z*g - 8, 3*i - 3*g = g + 113. Is i a composite number?
False
Let p be -9 + 2 - (3 - 6). Let f(x) be the third derivative of -5*x**4 - 3*x**3/2 + 3*x**2 - 79. Is f(p) composite?
True
Suppose 54897 = 5*u + 3*a, -1181 = -3*u + a + 31760. Suppose u = -16*l + 17*l. Let w = l - 7797. Is w a prime number?
False
Suppose 4*p = 0, -2*v + 0*v = 2*v - 3*p - 253196. Is v a prime number?
True
Let r(o) = -2*o**3 + 4*o**2 + 3*o - 2. Let g be r(5). Let k = g - -335. Let h = k + 53. Is h a composite number?
False
Suppose l + i = -1 + 4, -5*i = -3*l - 15. Suppose 11 = w + 5. Suppose l = w*c - 9*c + 1011. Is c prime?
True
Let l = 12305 - 7357. Let u = 9461 - l. Is u prime?
True
Let j(r) = -27*r - 31*r - 486 + 569. Is j(-5) a prime number?
True
Suppose -l + 2840 = -h, -17*l + 18*l + 2*h = 2837. Let q = 14736 - l. Is q a prime number?
True
Let h = -94 - -98. Suppose 0*z + 2*z - 2*k = 36, 67 = h*z + k. Let y(d) = 2*d**2 - 14*d - 3. Is y(z) composite?
False
Let j = 0 + 4. Suppose 5*l + t = 18, 5*t = -j*l + 2*l - 2. Suppose -4*r - 5*d + 403 = 0, -6*r + 3*r - l*d + 303 = 0. Is r prime?
True
Suppose 0 = 11*j - 274 - 111. Is ((-5)/j)/((-13)/59423) composite?
False
Suppose -5*q + 290307 + 86618 = 2*y, 3*y = q + 565362. Is y a prime number?
False
Let a = 3094 + 901. Suppose 4*b + 2*w = -9364, -9352 = 3*b + b - 4*w. Let x = b + a. Is x prime?
False
Let c be 502/2 - (-24)/6. Let p = -87 + c. Let t = 487 - p. Is t a prime number?
False
Suppose 5 = 5*w, 719355 = -11*t + 12*t + 4*w. Is t composite?
False
Suppose 2*v - 91713 = -3*m + 266832, 0 = 4*v - 12. Is m a composite number?
False
Suppose 4*j - u - 10 - 10 = 0, j - 8 = u. Suppose j*l + 7*i - 8*i - 308 = 0, 0 = -l - 4*i + 77. Suppose -w = 2*p - 107 - 47, p = 4*w + l. Is p prime?
False
Suppose 4455381 = -54*p + 75*p. Is p a prime number?
True
Suppose 32*y - 25*y - 406 = 0. Suppose 56*u + 1262 = y*u. Is u composite?
False
Suppose -1537*q = -1531*q - 8809584. Is 1/9 + q/126 composite?
True
Let a(q) = 2785*q - 6107. Is a(33) a prime number?
False
Let h be ((-8)/4)/1*3. Let a be 0 - (0 - 3 - -5). Is (a/h)/(2/6)*211 prime?
True
Let x(f) = -8*f**3 + 13*f**2 - 31*f + 25. Is x(-19) prime?
False
Suppose 3*z - 5*q = 4*z - 12, 3*z - 36 = 4*q. Let u = 49 - -1846. Suppose -17*m = -z*m - u. Is m prime?
True
Let z(y) = -7 - 6*y + 38*y + 2. Let h be (3 - 2/(-10))/((-22)/(-55)). Is z(h) a prime number?
True
Suppose -c - 198234 = 3*i - 7*i, 0 = -3*i + 2*c + 148673. Is i prime?
True
Suppose -5636376 = 100*z - 124*z. Is z a prime number?
False
Suppose 33*y - 52665 = 38*y. Let n = y - -18884. Is n composite?
True
Let v be 18/(-21) + 20/7. Let p(t) = 1671*t**2 + 5*t - 5. Is p(v) a prime number?
True
Suppose -5*l = -4*l + 3. Let c be (l/(-6) + 9/(-2))/(-1). Let q = c + 1037. Is q a composite number?
True
Suppose -53545 - 196990 = -5*v. Is v a composite number?
True
Suppose -3*l - 171471 = -2*b, b = l + 41732 + 44006. Let v be (b/42)/((-1)/(-2)). Suppose 0 = d - 6*k + 3*k - 2054, 2*d - k - v = 0. Is d composite?
False
Let t = -11643 + 3646. Let m = 7908 - t. Is m a prime number?
False
Is (((-80540)/16)/((-3)/(-12)))/((-25)/10) prime?
False
Is 138/(-2760) + (-517341)/(-20) prime?
True
Let x = 939 - 860. Suppose x*q - 65*q - 1571234 = 0. Is q a prime number?
False
Suppose -5 = -5*o, -3*f - 5*o = -2*f - 39. Let s = 12 + f. Is s a prime number?
False
Let c be 2 + 3 + 5117 + -4. Suppose -73*z - c = -76*z. Is z composite?
True
Let q = -22 + 27. Is (q/3 + -1)/(8/72780) a prime number?
False
Let n(a) = -396*a**3 + 4*a**2 - 22*a + 35. Is n(-5) a prime number?
False
Let a(q) = q**3 - 58*q**2 - 1148*q - 149. Is a(118) a prime number?
False
Let v = -1717 - -2542. Let b = 